 9.
41
What is 13422 (base 6) in base 15?
952
Convert 11031203 (base 4) to base 15.
64d2
Convert 26623 (base 7) to base 2.
1110000000011
2aa3 (base 15) to base 11
6971
What is -8014 (base 9) in base 15?
-1aea
Convert 1726 (base 13) to base 3.
11200101
What is 17c5 (base 16) in base 4?
1133011
Convert 418 (base 16) to base 6.
4504
What is 331b (base 12) in base 4?
1120013
bad3 (base 14) to base 13
1193b
Convert -a648 (base 11) to base 12.
-81a0
Convert -18 (base 14) to base 10.
-22
Convert 122122 (base 3) to base 9.
578
120043 (base 6) to base 11
78a0
Convert -223 (base 5) to base 2.
-111111
767 (base 14) to base 7
4160
What is -1467 (base 10) in base 2?
-10110111011
Convert -200022 (base 4) to base 9.
-2736
Convert 3033 (base 5) to base 9.
476
What is 2220 (base 3) in base 9?
86
What is 11012121 (base 3) in base 9?
4177
Convert 5103 (base 8) to base 14.
d59
What is 452343 (base 7) in base 2?
10011100011100001
Convert 21c9 (base 14) to base 9.
8032
-1133331 (base 4) to base 10
-6141
Convert -c91 (base 16) to base 8.
-6221
1422 (base 7) to base 16
22b
What is 3500 (base 15) in base 6?
124030
Convert -14533 (base 6) to base 11.
-1857
132 (base 12) to base 5
1212
2013221 (base 5) to base 13
11926
714 (base 10) to base 6
3150
Convert -104717 (base 8) to base 10.
-35279
Convert 30142 (base 7) to base 10.
7282
Convert -200b (base 15) to base 7.
-25466
Convert -330244 (base 6) to base 4.
-12222310
Convert 22210 (base 5) to base 10.
1555
Convert 10102302 (base 4) to base 3.
220010100
Convert 1780 (base 10) to base 8.
3364
Convert 14d (base 14) to base 2.
100001001
What is 35024 (base 6) in base 3?
20211121
-4443 (base 5) to base 11
-517
2402024 (base 5) to base 16
abee
-2102010 (base 5) to base 12
-1805a
Convert -11001011110000 (base 2) to base 16.
-32f0
Convert 2230100 (base 5) to base 3.
2000001021
What is -26a (base 12) in base 8?
-562
-10b (base 12) to base 6
-415
-bee4 (base 15) to base 11
-28469
What is 4500 (base 7) in base 12?
b29
Convert 96c9 (base 15) to base 13.
116ac
Convert -202220210 (base 3) to base 5.
-441444
-2362 (base 9) to base 12
-1025
What is -11102202 (base 3) in base 11?
-247a
What is -32 (base 12) in base 6?
-102
What is 93 (base 13) in base 3?
11110
What is -2147 (base 8) in base 3?
-1112202
1468 (base 16) to base 7
21142
Convert -16930 (base 10) to base 16.
-4222
Convert 51672 (base 8) to base 13.
99aa
What is 10102201 (base 3) in base 11?
1976
What is 2101241 (base 5) in base 2?
1000011100001011
What is -16a0 (base 16) in base 8?
-13240
What is 2232022 (base 4) in base 15?
3481
Convert 34222 (base 8) to base 11.
a976
-241 (base 16) to base 8
-1101
What is -d6d (base 15) in base 2?
-101111010100
44507 (base 10) to base 7
243521
5b72 (base 15) to base 9
28618
444 (base 11) to base 5
4112
Convert -325 (base 15) to base 8.
-1306
What is 21021101 (base 3) in base 14?
1d0a
Convert 43160 (base 7) to base 3.
112201012
203230 (base 4) to base 10
2284
Convert -1744 (base 14) to base 3.
-12201200
Convert -22000002 (base 3) to base 11.
-4424
25b (base 13) to base 6
1530
-343 (base 5) to base 11
-8a
Convert 1055 (base 9) to base 16.
30b
-23242 (base 5) to base 4
-122201
What is -a7a (base 12) in base 6?
-11034
337 (base 16) to base 2
1100110111
Convert -1251 (base 12) to base 14.
-a85
Convert 354 (base 12) to base 14.
276
What is 98b (base 14) in base 16?
75f
What is 405 (base 10) in base 9?
500
Convert 203521 (base 6) to base 4.
10000021
Convert -575 (base 9) to base 15.
-218
What is -2a1 (base 12) in base 10?
-409
-35 (base 12) to base 9
-45
Convert -11001100012 (base 3) to base 5.
-10022314
-23a (base 15) to base 8
-771
2b6 (base 13) to base 6
2131
What is -56326 (base 9) in base 5?
-2144241
-7435 (base 11) to base 2
-10011001101111
Convert 1b0a (base 15) to base 3.
22001001
What is -6c (base 13) in base 8?
-132
Convert 2414 (base 6) to base 16.
24a
Convert d4d (base 16) to base 15.
1020
-2517 (base 9) to base 7
-5323
What is -787 (base 12) in base 6?
-5051
-c497 (base 13) to base 5
-1332124
-30211 (base 4) to base 16
-325
What is -1b9 (base 13) in base 5?
-2241
What is 2022221201 (base 3) in base 6?
552244
Convert -1910 (base 10) to base 12.
-1132
What is -41033 (base 5) in base 14?
-d6b
What is -7772 (base 8) in base 11?
-3089
What is -2305 (base 6) in base 2?
-1000100001
What is 1d0 (base 14) in base 15?
1a3
Convert -20100021 (base 3) to base 10.
-4624
Convert 320103 (base 6) to base 9.
38543
-c241 (base 16) to base 3
-2112012211
Convert 2228 (base 14) to base 11.
4499
What is -371 (base 11) in base 9?
-540
What is -222201 (base 3) in base 9?
-881
113302 (base 6) to base 13
4622
What is 522 (base 13) in base 3?
1012100
What is 20212 (base 3) in base 11?
159
12344 (base 7) to base 13
1643
-110010111 (base 2) to base 10
-407
What is a08 (base 11) in base 6?
5350
Convert -100110101001000 (base 2) to base 10.
-19784
Convert 11002 (base 3) to base 14.
7c
Convert -1337 (base 12) to base 7.
-6265
454c (base 13) to base 9
14264
What is 17613 (base 8) in base 10?
8075
What is 2044 (base 5) in base 11?
22a
Convert 114157 (base 9) to base 6.
1245511
Convert 1551 (base 14) to base 10.
3795
What is 93 (base 12) in base 2?
1101111
Convert 4033 (base 6) to base 11.
735
Convert -c687 (base 13) to base 8.
-65541
Convert ac1 (base 14) to base 16.
851
Convert 310 (base 6) to base 15.
79
What is 10001100021 (base 3) in base 15?
12bbd
Convert 32d (base 16) to base 9.
1103
5452 (base 6) to base 9
1645
289 (base 14) to base 3
201000
Convert -86c7 (base 13) to base 5.
-1100003
27b1 (base 14) to base 2
1101101100111
-1131222 (base 5) to base 13
-961c
Convert -138 (base 10) to base 6.
-350
Convert -2112120001 (base 3) to base 2.
-1100001100111010
What is 1163 (base 9) in base 11?
719
-26451 (base 7) to base 6
-52500
What is -280 (base 11) in base 4?
-11022
-1189 (base 14) to base 13
-1516
What is -1005 (base 7) in base 14?
-1ac
What is -1200101 (base 3) in base 6?
-5401
What is -191 (base 11) in base 5?
-1341
Convert -236 (base 10) to base 6.
-1032
-9a6 (base 15) to base 3
-2222210
What is 13215 (base 6) in base 10?
2027
What is -2348 (base 9) in base 7?
-5042
What is -6755 (base 15) in base 8?
-52621
What is 3123 (base 4) in base 3?
22010
What is 605 (base 16) in base 14?
7c1
Convert 1175 (base 9) to base 3.
1012112
642 (base 7) to base 12
230
Convert 17a (base 16) to base 14.
1d0
Convert -d148 (base 14) to base 13.
-13480
What is -bc1 (base 13) in base 8?
-3740
Convert 3ac (base 13) to base 6.
3001
68607 (base 10) to base 11
47600
What is -3240 (base 5) in base 16?
-1bd
What is -20200 (base 4) in base 2?
-1000100000
-100000100111 (base 2) to base 14
-a91
-5da (base 16) to base 7
-4240
What is -21001 (base 3) in base 16?
-be
1b8b5 (base 13) to base 16
d3d4
What is 2180 (base 11) in base 16?
b37
143121 (base 5) to base 12
35b0
1100010001001 (base 2) to base 15
1cdb
Convert -770 (base 12) to base 13.
-660
f044 (base 16) to base 9
103332
Convert 4 (base 12) to base 9.
4
Convert 845 (base 13) to base 9.
1835
1011121110 (base 3) to base 7
124116
-1043235 (base 6) to base 11
-36563
What is 335 (base 7) in base 9?
212
520 (base 6) to base 12
140
Convert 2312 (base 5) to base 7.
653
-1111001100011 (base 2) to base 13
-3705
What is 120020021 (base 3) in base 15?
3454
2782 (base 10) to base 16
ade
What is -400 (base 13) in base 6?
-3044
717 (base 16) to base 2
11100010111
-3353 (base 6) to base 13
-489
Convert -23cc (base 16) to base 12.
-5378
Convert 5154 (base 6) to base 5.
14100
-22458 (base 13) to base 10
-62265
What is -2209 (base 14) in base 7?
-23112
-5c05 (base 16) to base 3
-1012022111
What is -16668 (base 9) in base 14?
-4283
What is -4b0 (base 14) in base 8?
-1652
Convert -11012012 (base 3) to base 7.
-11624
What is -1032222 (base 5) in base 10?
-17812
Convert -105 (base 11) to base 12.
-a6
-112021 (base 5) to base 2
-111110101011
Convert -2a4 (base 14) to base 3.
-201212
What is 1010 (base 2) in base 8?
12
What is 379 (base 12) in base 8?
1015
-20332 (base 4) to base 8
-1076
What is 544 (base 11) in base 13?
3b3
What is -1012303 (base 5) in base 14?
-6082
Convert -444411 (base 6) to base 15.
-b0bd
What is 15312 (base 6) in base 3?
10102022
Convert 9cd (base 16) to base 15.
b24
41704 (base 11) to base 4
32311022
-1013010 (base 4) to base 15
-1533
Wha